m be f(3). Suppose -5*o + 61 = 4*l, o + 2*l - 6*l + m = 0. What is the greatest common factor of o and 27?
9
Let v = -5 + -5. Let f be v/(1*(-2)/2). Suppose 0*x + 20 = x. Calculate the highest common factor of f and x.
10
Suppose 3*r = -0*r + 15. Let b be 8/(r - 1) + 3. What is the greatest common factor of 20 and b?
5
Suppose 0 = 2*r - 0*d + 4*d + 12, -5*d = 20. Let g be (-114)/(-4) - (-3)/r. Let z = -52 + 97. Calculate the highest common divisor of z and g.
15
Suppose 8*j - 6*j = 28. What is the greatest common factor of j and 112?
14
Let k = 19 + 28. Suppose -5*h + k = 4*w, 79 = 3*w - 6*h + h. Calculate the greatest common divisor of w and 144.
18
Let h be 0 - 3 - (-204)/2. Calculate the highest common factor of 11 and h.
11
Let d = 45 + -30. Calculate the highest common divisor of 120 and d.
15
Let m = -9 - -45. What is the highest common factor of m and 90?
18
Let w be 6/18 + 1/(-3). Suppose 4*h + 3*n + 7 = w, 13 = -3*h + n - 2. Let d be (0 - 24)*3/h. Calculate the highest common divisor of d and 72.
18
Let j(b) = -b**2 - b + 3. Let v be j(0). Suppose -2*y = -13 + v. Suppose f - 14 = -w, y*f - 3*w - 24 - 22 = 0. Calculate the highest common factor of f and 55.
11
Suppose -2*g + 7 = -3*m, -4*g = 2*m - 3*g - 7. Let k be (-2)/m*99/(-18). Calculate the greatest common factor of 11 and k.
11
Let t(c) = c**2 - c - 6. Let o be t(12). Calculate the greatest common factor of 18 and o.
18
Suppose -15 = -3*j + 3*d, 5*d - 5 = -3*j + 50. Suppose 4*z - 12 - j = -3*b, -2*b + 2*z + 24 = 0. Calculate the greatest common factor of b and 110.
10
Suppose -84 = -4*i + 36. What is the highest common divisor of i and 40?
10
Suppose -5*m + 2*u = -19, 0 = -5*m - 2*u + 6*u + 23. Suppose m*t + 2*t = 375. Calculate the greatest common factor of 25 and t.
25
Let m(h) = -5*h - 13. Let c be m(-8). What is the highest common divisor of 18 and c?
9
Let r = 7 + -3. Suppose 0*q = r*q - 16. Let p = 0 - -2. Calculate the highest common divisor of p and q.
2
Let o = 19 + -3. What is the highest common divisor of o and 8?
8
Let m = 5 - 1. Suppose 2*q + 2 = -m. Let x be -1*(5*q)/3. What is the highest common divisor of 1 and x?
1
Let u = 8 + -6. Let w = 2 + u. Let g(t) = -t**3 - 8*t**2 - 5*t - 12. Let j be g(-8). What is the highest common divisor of j and w?
4
Suppose -30 = -13*w + 100. Calculate the greatest common divisor of w and 160.
10
Suppose -12 = -7*a + 9. What is the greatest common divisor of 24 and a?
3
Let s be 4*-1*2/(-4). Suppose -v + s*v = -3*d + 116, 0 = 4*v + 4. Calculate the greatest common factor of 13 and d.
13
Suppose 37 = -3*v + 154. Calculate the greatest common divisor of 26 and v.
13
Suppose 170 = 4*t - 478. Suppose 2*l - s = -2*s + 345, 0 = -l + 3*s + t. Calculate the greatest common divisor of 19 and l.
19
Suppose 2*l = 6 - 0. Let t = 7 - 7. Suppose -z = -5*i - 25, 2*z - l*i - 2*i - 70 = t. Calculate the highest common divisor of 30 and z.
15
Suppose 2*h = z + 3*z + 60, -3*z - 35 = -h. What is the greatest common factor of h and 5?
5
Let n(r) = 5*r**2 + 17*r + r**3 + 11 + 8*r**2 + 0*r. Let a be n(-11). Suppose 2*h = 3*h - 6. What is the greatest common divisor of a and h?
6
Let y = 19 + 5. Calculate the highest common divisor of 48 and y.
24
Let z(u) = -2*u + 2. Let w be z(-6). Let g be ((-37)/5 + 7)*(2 - 72). What is the highest common divisor of w and g?
14
Suppose -3*p = -2 - 7, -3*z - 2*p = -48. Suppose -106 + z = -y + t, t - 436 = -5*y. Calculate the highest common factor of 11 and y.
11
Suppose 0 = -2*z - 4 + 2. Let u be (-8)/(z/6*1). Calculate the greatest common divisor of 12 and u.
12
Suppose 3*o - 14 = 28. Suppose 0 = -4*u + 62 - o. Calculate the greatest common factor of u and 6.
6
Suppose -b + 50 = 5*n - 4*b, 0 = b - 5. Calculate the greatest common factor of 13 and n.
13
Suppose -n - 20 = -5*n, -4*n = -2*b - 66. Let v = b + 32. Let m be 2/v + (-530)/(-45). Calculate the greatest common factor of m and 36.
12
Let b(x) = 20*x - 1. Let p = 5 + -4. Let q be b(p). Suppose c - 5*c + 816 = 4*v, 3*v - 652 = 5*c. What is the greatest common factor of v and q?
19
Suppose -v + 261 = 3*m - 4*v, 5*v + 255 = 3*m. Suppose -b - m = -3*b. Let q = -22 + 40. What is the highest common factor of b and q?
9
Suppose -2*u - 81 = -87. What is the highest common divisor of u and 30?
3
Let q(s) = -7*s - 42. Let f be q(-20). What is the highest common divisor of f and 56?
14
Suppose -z + 4*z + p - 14 = 0, 0 = 5*p + 5. What is the greatest common divisor of 1 and z?
1
Let x = 4 + -1. Suppose 2*a + 0*a = -6, x*a = m - 10. What is the highest common factor of 1 and m?
1
Let k = 224 + -145. Let j = k - 34. Calculate the greatest common factor of 18 and j.
9
Let t be ((-4)/(-8))/((-3)/(-90)). Calculate the highest common factor of 105 and t.
15
Let x = 16 - -14. Let k = -32 + 52. What is the highest common factor of k and x?
10
Suppose -3*b - 2*l + 31 = -40, -121 = -5*b - 4*l. What is the highest common factor of 14 and b?
7
Let d be (3/(-2))/((-6)/16). Suppose 0*z = 3*w - d*z - 65, -w + 5 = 2*z. Calculate the greatest common factor of w and 6.
3
Let h be 8/4*1*-2. Let w be 13 - ((-8)/h + -5). Calculate the highest common factor of 4 and w.
4
Let o(d) = -d**3 - 6*d**2 + 7*d - 10. Let r be o(-7). Let y = r - -28. Suppose -l + 3 = -y. What is the highest common factor of 3 and l?
3
Suppose 8*i - 26 - 46 = 0. What is the highest common factor of i and 9?
9
Suppose -z + 2*z + 78 = -5*s, 0 = -2*z - 5*s - 131. Let g = z + 85. Calculate the greatest common factor of g and 48.
16
Let m(i) = -i**2 + 6*i + 5*i - 4 - 4*i. Let o be m(5). Let g be o*(-3)/15*-5. Calculate the highest common factor of g and 6.
6
Suppose -5 + 37 = 4*d. What is the greatest common divisor of 20 and d?
4
Let a = 26 - 14. Let s = -21 - -35. Suppose 4*g = -4*u + s + 18, 5*u = 10. Calculate the highest common divisor of a and g.
6
Let j = -56 + 74. Let n(g) = -4*g**3 + g**2. Let o be n(-2). Calculate the greatest common factor of j and o.
18
Let s be (-2*6)/(3/(-4)). Suppose 2*f - 36 = -o + 4, -4*o - 5*f + 148 = 0. Calculate the greatest common divisor of s and o.
16
Suppose n = 0, 4*r = 5*r + 4*n - 27. What is the greatest common factor of 3 and r?
3
Let g(b) be the first derivative of -2*b + 1 - 11/2*b**2. Let x be g(-2). Calculate the greatest common divisor of x and 8.
4
Let h = 19 - 11. Suppose -b = 3*b + h. Let k(x) = -x**3 - x**2 - x. Let c be k(b). What is the greatest common factor of c and 42?
6
Suppose 0 = -j + 2*j - 2*c - 10, 5*c = 5*j - 35. Suppose j*u - 148 = 52. Let i = 9 - -1. What is the greatest common divisor of i and u?
10
Let w(g) = -g + 19. Let k be w(-14). What is the highest common factor of k and 22?
11
Let u = 5 - 11. Let l be 2/3 - (-34)/u. Let p be (4/l)/(6/(-45)). Calculate the greatest common divisor of 48 and p.
6
Let x be (-4)/(-12) - (-16)/6. Suppose 2*v - v = x. Calculate the greatest common factor of v and 15.
3
Let v(l) = 2*l**2 - 9*l + 12. Let z be v(6). What is the greatest common divisor of z and 90?
30
Suppose -2*l + 80 = -0*l. Let v be (-21 - -24) + 3 + -1. Calculate the highest common divisor of v and l.
5
Let m(g) = g**3 - 3*g**2 + 3*g - 2. Let a be m(2). Suppose -2*v - 4*k = v + 18, 4*v + 4*k = -20. Let f = a - v. Calculate the highest common factor of 16 and f.
2
Let y = 74 - 10. Let u(h) = -h**3 + 6*h**2 - 8*h + 8. Let w be u(4). Calculate the highest common factor of y and w.
8
Let q = 145 - -110. Calculate the highest common factor of q and 51.
51
Let l be ((-6)/(-4))/((-4)/8). Let g be 16/(74/(-26) - l). Calculate the greatest common factor of 13 and g.
13
Suppose 4*h + 5*p = 3*p + 100, 0 = -5*p - 10. Calculate the greatest common divisor of h and 130.
26
Suppose -t - 48 + 155 = -5*y, -3*t - 5*y = -341. Calculate the highest common factor of t and 168.
56
Let s(a) = a + 11. Let n be s(0). Let d(z) = -z**2 + 4*z - 2. Let f be d(2). Suppose -f*o = -o - 33. Calculate the highest common divisor of n and o.
11
Let w = 0 - 0. Let d be (w - 1) + (2 - 3). Let f be (-145)/(-3) + d/6. Calculate the highest common divisor of 12 and f.
12
Let c(b) = -b**2 - 7*b + 5. Let f be c(-7). Suppose f*j + 15 = -0*j, 2*j - 132 = -3*k. Suppose -k - 10 = -4*o. Calculate the highest common divisor of 35 and o.
7
Suppose -9 = -4*v + 3. Suppose 21 = x + 4*c, 0*c = -5*x - v*c + 20.